+ 17*d - 8. What is the remainder when 0 - 2/(-2)*20 is divided by k(16)?
4
Let r(h) = -2*h - 28. Calculate the remainder when 218 is divided by r(-30).
26
Let z = 183 - 173. What is the remainder when 37 is divided by z?
7
Suppose 0*t + t - 12 = 0. Let w(a) = 16 + 16*a - 24*a + 11*a. What is the remainder when w(6) is divided by t?
10
Suppose -38 + 2 = -3*t. Suppose 3*k + 133 = 4*f, 4*k = 4*f + 16 - 152. Calculate the remainder when f is divided by t.
7
Let r(y) = 79*y - 239. What is the remainder when r(11) is divided by 53?
47
Suppose d = 6*d. Let u(m) = 22*m**2 + 4*m + 2. Let o be u(-2). Suppose 2*y - o + d = 0. What is the remainder when y is divided by 11?
8
Let i = -555 + 559. Calculate the remainder when 326 is divided by i.
2
Let q(o) = o**2 + 16*o - 1. Let m be q(-16). Let j be (0/(m - -3))/(-2). Suppose j = -0*u - u + 4. Calculate the remainder when 11 is divided by u.
3
Let b(k) = -55*k - 907. Let f(a) = -a**3 + 9*a**2 - 5*a + 3. Calculate the remainder when f(6) is divided by b(-17).
25
Let j = 23 - -6. What is the remainder when 65 is divided by j?
7
Let k be 4/(12/9)*1. Suppose -6*h = -h - 3*t - 26, -2*h - k*t + 2 = 0. Suppose -3*c = -2*c - 9. What is the remainder when c is divided by h?
1
Suppose 352 = -19*x + 27*x. Calculate the remainder when x is divided by 24.
20
Let z be 1/5 - 18321/155. Let t = 132 + z. Calculate the remainder when t is divided by 4.
2
Let o be (3 + 1 + 12)/2. Suppose -105 = -o*y + 3*y. Let i = -1 + 9. What is the remainder when y is divided by i?
5
Suppose -t = 3*t - 28. Let i = 4091 + -4059. What is the remainder when i is divided by t?
4
Let n(v) = -13*v + 3. What is the remainder when n(-5) is divided by (-1644)/(-84) + 0 - (-4)/(-7)?
11
Let q(s) = -3*s**2 + 6*s - 2. Let t(z) = -7*z**2 + 11*z - 5. Let a(r) = 5*q(r) - 2*t(r). What is the remainder when 23 is divided by a(6)?
11
Let y = 485 - 452. What is the remainder when 226 is divided by y?
28
Suppose 3*z = u - 2*u + 74, 4*u + 4 = 0. Let d = 11 - z. Let b = d - -17. What is the remainder when b is divided by 2?
1
Let n = 255 - 14. Suppose 0 = 4*q - 39 - n. Suppose 3*t - 277 = -q. What is the remainder when t is divided by 18?
15
Let q = 5 - 3. Suppose 2*p - 5*i = 18 + 3, 5*p - i - 18 = 0. Suppose -9 = -p*t + 3. Calculate the remainder when t is divided by q.
0
Suppose -75 - 111 = -2*n. Suppose 2*z + 2*r = 4*z + 12, -4*z - 54 = 2*r. Let w(f) = -4*f - 20. Calculate the remainder when n is divided by w(z).
21
Suppose -217*n - 203 = -220*n + 2*r, 5*n - 347 = -r. Calculate the remainder when n is divided by 60.
9
What is the remainder when (1 - -11)*-20*(-1 - 0) is divided by 53?
28
Calculate the remainder when 95 is divided by (-19 - -18)/((-101)/(-51) + -2).
44
Suppose -l + 639 = 3*o + 354, 5*o = 3*l - 785. Calculate the remainder when l is divided by 29.
9
Let y be (-4)/30 - (-2055)/225. Let x = 27 - y. What is the remainder when x is divided by 10?
8
Let k = -40 - -72. Let v = k + -24. Suppose -6*l + 208 = 76. What is the remainder when l is divided by v?
6
Let t = -7 - 6. Let g = t - -9. Let q = 10 + g. Calculate the remainder when 21 is divided by q.
3
Suppose 0 = 116*h - 24*h - 1288. Let t(v) = v**3 - 9*v**2 + v - 7. Let f be t(9). What is the remainder when (1 - f) + 165/3 is divided by h?
12
Let d(q) = -q**3 + 3*q**2 + 2*q - 2. Let s = 23 - 21. What is the remainder when 15 is divided by d(s)?
3
Suppose 5*z = 2*z - 2*a + 15, -3*a = 0. Suppose 0*w = w - z. Calculate the remainder when 16 - (-3 - 0*(4 - 3)) is divided by w.
4
Let y = 140 + -59. Suppose -95*k = -6*k - 797 - 1072. Calculate the remainder when y is divided by k.
18
Let f(b) = -22*b + 14. Calculate the remainder when 111 is divided by f(-2).
53
Suppose 2*f + 8 = 4. What is the remainder when 37 is divided by (f + -4 + 5)*-3?
1
Suppose 4*i - 54 = -3*f, -f - 5*i + 5 = -2. Suppose -p + 4*c + 0 = -2, -4*p = -4*c - 32. Calculate the remainder when f is divided by p.
2
Let a(d) = -d**2 - 8*d + 114. What is the remainder when 241 is divided by a(-11)?
79
Suppose -5*c = -0*c. Suppose c = p + 6*p - 273. Calculate the remainder when p is divided by 14.
11
Suppose 7*w - 7*w + 1440 = 72*w. What is the remainder when (-3)/9*0 - -70 is divided by w?
10
Suppose 7*z = 4*z + 6. Let p be 1 + -5 - (-6)/z. Let t(x) = -25*x**3 + x + 1. Calculate the remainder when t(p) is divided by 7.
4
Let j(d) be the first derivative of d**3 + d**2/2 + d - 5. Let z be j(-1). What is the remainder when -6*((-2)/(-4) - z) is divided by 4?
3
Suppose 2*t + 5*m = -0*t + 54, 3*m - 26 = -t. Let i = t + -18. Calculate the remainder when 19/76 + (-1055)/(-20) is divided by i.
11
Let d(u) = 18*u + 2. Let x = -19 - -15. Let h be (-1)/(x - (-2 + -1)). What is the remainder when d(h) is divided by 12?
8
Suppose -2*v = 6*v + 176. Let b = v + 44. What is the remainder when b is divided by 6?
4
Calculate the remainder when 19426/33 - (-2)/6 is divided by 74.
71
Let m be (4/7)/((-6)/(-21)). Suppose 0 = -m*v - 3*d + 90, -3*v + 0*d + 154 = -5*d. What is the remainder when v + (0 + 6 - 2) is divided by 27?
25
Let t = -19 + 17. Let p be (0 + -74)/t + -1. Suppose 12 = 4*d - p. Calculate the remainder when 21 is divided by d.
9
Suppose 5*a - 6 = 64. Let h = 55 + -42. Let i(g) = g**2 - 11*g + 13. What is the remainder when i(h) is divided by a?
11
Let b = 68 + -37. Let k(m) = -m + 163. What is the remainder when k(44) is divided by b?
26
Let t(x) = -x**3 - 3*x**2 + 7*x - 4. Calculate the remainder when 32 is divided by t(-5).
10
Let z(b) = -55*b + 587. What is the remainder when z(9) is divided by 65?
27
Let o(t) = t + 13. Let b be o(-10). What is the remainder when 37 is divided by (b - 4)/(2/(-26))?
11
Let v be (9 - 2)*(-1 - 0). Let b = 17 + v. What is the remainder when b is divided by 3?
1
Suppose 0*x + 2*x = 114. Let a(v) = v**2 - 4*v + 3. Calculate the remainder when x is divided by a(6).
12
Let y(l) = 6*l - 9. Let i(s) = -2*s + 3. Let k(f) = 17*i(f) + 6*y(f). Let g(a) = a**2 + 2*a + 3. Calculate the remainder when k(7) is divided by g(0).
2
Suppose 5*f = 276 + 54. Suppose 0 = 4*g - 326 + f. Calculate the remainder when g is divided by 11.
10
Let u(j) = 2*j - 3. Let n(d) = 4*d**2 - 29*d - 9. What is the remainder when n(8) is divided by u(6)?
6
Let f = 1943 + -713. Calculate the remainder when 12/(-21) - (f/(-21))/1 is divided by 20.
18
Let j(q) be the third derivative of -q**4/8 - 41*q**3/6 - 10*q**2. What is the remainder when 19 is divided by j(-17)?
9
Suppose -4*i = -2*i + 18. Let h = 13 - i. Calculate the remainder when 64 is divided by h.
20
Suppose 73 = 3*k + 4. Suppose 6*b = 153 + 249. What is the remainder when b is divided by k?
21
Suppose 2*t + z - 14 + 3 = 0, t - z + 2 = 0. Calculate the remainder when 149 is divided by t.
2
Suppose 0 = -15*h + 754 + 26. What is the remainder when 203 is divided by h?
47
Suppose 0 = 4*w + 2*b - 166, -10*w = -13*w + b + 127. Calculate the remainder when w is divided by 13.
3
What is the remainder when 62 is divided by ((5 - 6) + -8)*(-14)/6?
20
Let v(f) be the first derivative of f**3/3 + 2*f**2 - 7*f - 5. Let m be v(-6). Suppose -30 = -m*a + 3*a. What is the remainder when 42 is divided by a?
12
Let j(f) = 1103*f + 3323. Let m(q) = -2*q**2 - 5 + 30 + q**3 + q + q**2. What is the remainder when m(0) is divided by j(-3)?
11
Let n(o) be the second derivative of 0 - 1/12*o**4 - o**3 + 3*o**2 + 9*o. What is the remainder when 17 is divided by n(-6)?
5
Calculate the remainder when 67 is divided by 0 + 116/10 - 272/(-680).
7
Suppose 0 = f + 5*r - 131 + 62, -3*r + 276 = 4*f. What is the remainder when 159 is divided by f?
21
What is the remainder when ((-798)/(-14))/((-18)/(-48)) is divided by 76?
0
Let z(a) = -a**2 + 6*a + 6. Let d be z(7). Calculate the remainder when (d/(-2)*11)/((-4)/(-8)) is divided by 6.
5
Let n(h) = -10*h + 6. Suppose 8*a - 19 = 93. What is the remainder when n(-6) is divided by a?
10
Suppose 46 = -2*x - 16. Let z = -19 - x. Calculate the remainder when z is divided by 5.
2
Suppose 94 + 8 = 6*d. Suppose -4*v + d = 1. What is the remainder when 17 is divided by v?
1
Let m(u) = 77*u + 1. Let n be m(2). What is the remainder when (-4)/(-14) + 498/21 is divided by 62/10 - (n/25 - 7)?
3
Suppose -2*x - 1 + 9 = 0. Suppose 123 = -3*k + 7*k + 5*h, 69 = 3*k - x*h. What is the rem